Let h be n(-13). Let y = 3 - h. List the prime factors of y.
3, 41
Suppose 3*l - 24 = -c + 5, -42 = -4*l + 2*c. Let v = l - -123. What are the prime factors of v?
7, 19
Let v = 1 - 4. Let b = 37 + -27. Let n = v + b. What are the prime factors of n?
7
Suppose 5*b - 19 = -t - 0*b, -3*t + b + 9 = 0. Let z(r) = -2*r**3 + 4*r**2 + 1. Let n be z(t). Let y = -41 - n. What are the prime factors of y?
2, 11
Let g(n) = n**3 + 6*n**2 + 3*n - 7. Let t be g(-5). Let c(h) = -h**t + 6 - 2*h**2 + 9*h + 2*h**2 - 4*h**2 + 4. List the prime factors of c(-6).
2, 7
Suppose 40 + 25 = 5*i. Let t(o) = 7*o - 26. What are the prime factors of t(i)?
5, 13
Let q be -4 - -2 - (-5 - -3). Suppose q = 5*f - 3 - 12. Suppose -z - 2*h = -f - 3, -5*h = 15. What are the prime factors of z?
2, 3
Let w(l) be the third derivative of -41*l**4/12 + l**3/6 - 6*l**2. List the prime factors of w(-1).
83
Let y = 30 + 14. List the prime factors of 8/y - (-1382)/22.
3, 7
Let o = -21 + 361. Let r = -161 + o. List the prime factors of r.
179
Suppose 3043 = 13*u - 4471. List the prime factors of u.
2, 17
Let s = -1441 + 2520. What are the prime factors of s?
13, 83
Let k be (-9)/((8/10)/(-4)). Let c(u) = -u**2 - 4*u + 1. Let x be c(-3). Suppose x*o = o + k. What are the prime factors of o?
3, 5
Suppose 3*h - 14 + 17 = 0, 0 = -2*l - 4*h + 1002. What are the prime factors of l?
503
Let p(r) = -r**3 - r**2 + 1595. What are the prime factors of p(0)?
5, 11, 29
Suppose c + 2 = 5. Suppose 2*y - m + 15 = 73, 0 = c*y - m - 87. List the prime factors of y.
29
Let z = 209 + -43. List the prime factors of z.
2, 83
Let s(m) = 7*m**2 + 23*m + 82. List the prime factors of s(-15).
2, 41
Suppose 0 = -15*f + 4*f + 1650. What are the prime factors of f?
2, 3, 5
Let m(z) = 20*z**2 + 4*z + 2. What are the prime factors of m(-6)?
2, 349
Let d(o) = 428*o**3 - 7*o**2 - 3*o + 15. List the prime factors of d(2).
3, 5, 227
What are the prime factors of (-3251)/(-6) + 5*(-5)/30?
541
Let n(j) = -4*j. Let c be n(-1). Suppose -c*k + 54 = 18. Let h = k - -42. List the prime factors of h.
3, 17
Let w be 58/6 + (-4)/(-12). Let p be 2/w + 128/10. Suppose 4*t = z - 23, -t - 3 = 5*z - p. List the prime factors of z.
3
List the prime factors of (-12)/24 + 4 + 17052/8.
5, 7, 61
Let w(y) = 36*y + 13. What are the prime factors of w(14)?
11, 47
Let t = -1387 + 4030. List the prime factors of t.
3, 881
Let t(d) = -d**3 - 17*d**2 - 18*d + 1. Let z(w) = 3*w + 5. Let n be z(-7). List the prime factors of t(n).
3, 11
Suppose 1 = 2*d - 31. Suppose 0 = -20*q + d*q. Suppose 3*h - 188 + 32 = q. List the prime factors of h.
2, 13
Suppose y = -y + 74. Let a = 71 - y. List the prime factors of a.
2, 17
Suppose 54 = -50*s + 47*s. List the prime factors of 11 + 1 - 54/s.
3, 5
Let t = 409 + 275. List the prime factors of t.
2, 3, 19
Let v(c) be the first derivative of 4*c**2 + 8/3*c**3 + 2 + 1/4*c**4 + 4*c. What are the prime factors of v(-5)?
3, 13
Let d(o) = -7*o - 2. Let c be d(-1). Suppose -i - 5 = c. What are the prime factors of (14 + 0)*(-25)/i?
5, 7
List the prime factors of (-119366)/(-52) + 1/(-2).
3, 5, 17
Suppose -2*t + 4*t - 895 = -a, a - 898 = t. What are the prime factors of a?
3, 13, 23
What are the prime factors of -4 - -72 - 4/2?
2, 3, 11
Let x(q) = 34*q - 45. Let c be x(15). Suppose 8*b = 11*b - c. List the prime factors of b.
5, 31
Let o be (1 - 0) + (110 - -1). Let q be ((-72)/(-84))/(3/(-21)). List the prime factors of (-45)/q*o/20.
2, 3, 7
Let q(y) be the second derivative of 4*y**4/3 - y**3/6 - 3*y**2/2 + y. Let n = 1873 - 1871. List the prime factors of q(n).
59
What are the prime factors of 4*(-6)/(120/(-5755))?
1151
Let l = 167 + -99. Suppose -4*h - 68 = -p - 4*p, 2*p = 5*h + l. Let n(t) = t**3 + 12*t**2 - 5*t - 14. List the prime factors of n(h).
2, 23
Let y(w) = -107*w - 15. Let j be y(3). List the prime factors of (1 + 6/(-4))/(6/j).
2, 7
Suppose -t = 4, 4*n + 4*t - 3*t = 0. Let o be (9/(-6))/(n/(-2)). Suppose 104 + 13 = o*h. What are the prime factors of h?
3, 13
Let f(m) = m**3 - 2*m**2 + 3*m**2 - 5*m - 26 + 24. Let h be f(-2). Suppose -h*o + 64 + 20 = 0. List the prime factors of o.
3, 7
Let g be (9/6)/(75/20 - 3). Let i(n) = 22*n - 11. What are the prime factors of i(g)?
3, 11
Let u(s) = -348*s**3 + s**2 + 7*s + 7. List the prime factors of u(-1).
349
Let z = -3342 + 4791. List the prime factors of z.
3, 7, 23
Let p = -104 - -117. Suppose p*n - 1884 = 7*n. List the prime factors of n.
2, 157
Suppose -3*g + 1265 = -0*g - 4*o, 1259 = 3*g - o. List the prime factors of g.
419
Suppose -2*y - 3*t = -363, -3*y + t = 48 - 620. Let r = y + -14. Suppose -9*s = -2*s - r. List the prime factors of s.
5
Let g(k) = -k**3 - 2*k**2 - 4*k - 5. Let m be g(-2). Suppose 0 = -m*x + 6 + 15. List the prime factors of x.
7
Suppose -18 = 4*m + 5*d, m + 4*m - 2*d + 39 = 0. Let j(w) = -w**3 - 6*w**2 - 5*w + 9. List the prime factors of j(m).
3, 31
Let g(t) = -2*t**3 - 29*t**2 + 16*t - 12. What are the prime factors of g(-16)?
2, 5
Suppose 9*d - 1628 = 4546. List the prime factors of d.
2, 7
List the prime factors of ((-3101)/(-14))/(5/(-6) - -1).
3, 443
Let o = -45 + 83. Suppose -7 = w - o. What are the prime factors of w?
31
Suppose 3*q + 3*m = q + 1236, 5*q - 3064 = -m. List the prime factors of q.
2, 3, 17
Suppose 2*t = 2*j - 1 - 1, -j = t + 1. Let x be (12 + -17)*(j - 1). Suppose -38 = -2*i + x*d, -i + 19 + 15 = 5*d. List the prime factors of i.
2, 3
Let a = -80 + 113. What are the prime factors of (-398)/(-11) + (-6)/a?
2, 3
List the prime factors of 10/6*((-582)/(-3) - -4).
2, 3, 5, 11
Suppose 4*t - t = 0. Suppose 3*b - 88 = -4*w, t = 3*b - b + 8. List the prime factors of w.
5
Let h(q) be the third derivative of 0*q + 0 - 7/24*q**4 - 5*q**2 + 1/3*q**3. List the prime factors of h(-1).
3
Let o be (-3690)/(-27) - (-4)/(-6). Suppose 0 = 3*m - 0*m - 5*p - o, -4*p + 4 = 0. What are the prime factors of m?
47
Let n(f) = -9*f + 9. Let m be n(4). What are the prime factors of (-4)/54*3 + (-384)/m?
2, 7
Suppose w + 7 = 2*b, 12 = 2*b - 4*w + 2*w. Let f = 33 - b. What are the prime factors of f?
2
Suppose -13*a = -15*a + 8. List the prime factors of 2073/33 - a/(-22).
3, 7
Let i(z) = z**2 + 10*z + 7. Let x be i(-6). Let w(h) = h**2 + 18*h + 6. Let o be w(x). Let q = 30 + o. What are the prime factors of q?
19
Let d(m) = -71*m - 109. What are the prime factors of d(-9)?
2, 5, 53
Let d(p) = -6*p + 5. Let u be d(-11). Let h = u - -13. List the prime factors of h.
2, 3, 7
Suppose -m + 0*v = 4*v - 123, 5*v = -3*m + 334. Let o = m - -34. List the prime factors of o.
137
Let z(r) = -261*r + 2. Suppose -3*v - 7 = -5*w, 0*v = w + 2*v + 9. What are the prime factors of z(w)?
263
Let m(j) be the third derivative of j**4/24 + 7*j**3/6 - 7*j**2. Let x be m(-4). Let i(u) = 18*u - 7. List the prime factors of i(x).
47
Suppose 93 = 5*x - 8*x. Let s(w) = w**2 + 3*w + 3. Let h be s(-2). Let n = h - x. List the prime factors of n.
2
Let x be (-3)/(-18) - (-1)/(-6). What are the prime factors of (-6 - x)*187/(-51)?
2, 11
List the prime factors of (40/(-35))/(4/(-18466)).
2, 1319
Suppose -4*q = -8*q - x + 19, 5*q - 4*x = 8. Let k(i) = 4*i - 13. Let a be k(q). Suppose 0 = -a*s + 81 + 27. What are the prime factors of s?
2, 3
Let x(w) = w**3 + 4*w**2 + w - 4. Let a be x(-3). Let s(i) = -2*i**3 + 8 + 3*i**3 + i**a + 0*i - 2*i**3 - i. List the prime factors of s(0).
2
List the prime factors of (-9634)/(-6) + 4/12.
2, 11, 73
Suppose 21*t - 18*t - 346 = q, -112 = -t + q. List the prime factors of t.
3, 13
Let n(i) be the first derivative of -2*i**3 - i**2/2 + i + 11. Let g be n(-4). What are the prime factors of 486/14 - 26/g?
5, 7
Let z = -69 + 74. List the prime factors of ((-112)/(z/(-5)))/1.
2, 7
Let l = -3 + 13. Let a(k) = l*k + k**2 + 12*k - 17*k - 2. What are the prime factors of a(-6)?
2
Let d be 2 + (5 - (-2)/(-1)). Suppose 4*o + 5*x - 1013 = 0, 0 = 4*o - d*x - 274 - 729. What are the prime factors of o?
2, 3, 7
Let y(p) = -2 - 12*p**2 - 5 - 1 - 59*p + 71*p + p**3. Let j be y(11). Suppose j*i = i + 72. List the prime factors of i.
2, 3
Let n be 1504/12 - (8/(-6))/2. Suppose 4*s - 5*s = -n. What are the prime factors of s?
2, 3, 7
Let q(c) = 710*c + 196. List the prime factors of q(6).
2, 557
Let f = 380 - 214. Suppose -4*z + 418 + f = 4*k, -140 = -z - 3*